327?
12
Calculate the remainder when 238335 is divided by 29412.
3039
What is the remainder when 639229 is divided by 1108?
1021
What is the remainder when 71490 is divided by 13683?
3075
Calculate the remainder when 134157042 is divided by 488.
474
Calculate the remainder when 46924 is divided by 51.
4
What is the remainder when 14254815 is divided by 3914?
27
What is the remainder when 52372 is divided by 169?
151
What is the remainder when 48149528 is divided by 9629901?
23
Calculate the remainder when 393764410 is divided by 17.
6
What is the remainder when 190091 is divided by 88963?
12165
What is the remainder when 390672 is divided by 97664?
16
What is the remainder when 73592641 is divided by 36796315?
11
Calculate the remainder when 2657594 is divided by 11656.
26
Calculate the remainder when 96147411 is divided by 323.
1
What is the remainder when 14009198 is divided by 20?
18
What is the remainder when 29043290 is divided by 8023?
30
What is the remainder when 371557281 is divided by 1585?
1581
What is the remainder when 14957933 is divided by 5636?
5625
Calculate the remainder when 278138 is divided by 10.
8
Calculate the remainder when 263134 is divided by 262794.
340
What is the remainder when 76335 is divided by 2182?
2147
What is the remainder when 12157117 is divided by 11?
5
Calculate the remainder when 115494 is divided by 2800.
694
What is the remainder when 17635808 is divided by 1213?
1
What is the remainder when 77961507 is divided by 1089?
1086
What is the remainder when 39848764 is divided by 545?
544
Calculate the remainder when 310945 is divided by 2746.
647
Calculate the remainder when 78020 is divided by 6897.
2153
Calculate the remainder when 1009117 is divided by 336155.
652
Calculate the remainder when 44052 is divided by 2930.
102
What is the remainder when 1463644 is divided by 86093?
63
What is the remainder when 18335043 is divided by 34?
33
Calculate the remainder when 2518411 is divided by 624.
571
What is the remainder when 1548617 is divided by 1548615?
2
What is the remainder when 108253 is divided by 9838?
35
Calculate the remainder when 11725338 is divided by 81.
21
Calculate the remainder when 9804707 is divided by 36.
35
Calculate the remainder when 60097 is divided by 1008.
625
What is the remainder when 320443 is divided by 45759?
130
Calculate the remainder when 979506 is divided by 2093.
2075
What is the remainder when 920998 is divided by 1107?
1081
What is the remainder when 84814931 is divided by 702?
695
Calculate the remainder when 53249213 is divided by 2802590.
3
What is the remainder when 67148 is divided by 184?
172
What is the remainder when 227156 is divided by 9085?
31
What is the remainder when 962044 is divided by 934?
24
What is the remainder when 893172 is divided by 296624?
3300
Calculate the remainder when 1276213 is divided by 35450.
13
Calculate the remainder when 2686694 is divided by 364.
10
What is the remainder when 14165 is divided by 338?
307
What is the remainder when 224868683 is divided by 36?
11
Calculate the remainder when 477883 is divided by 813.
652
What is the remainder when 18456780 is divided by 9228387?
6
What is the remainder when 6131878 is divided by 1532957?
50
Calculate the remainder when 44373540 is divided by 312.
276
Calculate the remainder when 999142 is divided by 10092.
34
What is the remainder when 75273 is divided by 25081?
30
Calculate the remainder when 2739129 is divided by 1358.
43
Calculate the remainder when 32632169 is divided by 367.
364
What is the remainder when 1857074 is divided by 1848?
1682
Calculate the remainder when 1161392 is divided by 193563.
14
What is the remainder when 2434941 is divided by 96?
93
What is the remainder when 1803274 is divided by 2119?
5
What is the remainder when 632733 is divided by 223?
82
What is the remainder when 1529007 is divided by 305679?
612
What is the remainder when 16294499 is divided by 171521?
4
What is the remainder when 2801557 is divided by 66?
55
Calculate the remainder when 15834842 is divided by 586475.
17
What is the remainder when 42836 is divided by 21361?
114
What is the remainder when 31589547 is divided by 5851?
5849
Calculate the remainder when 1210650 is divided by 14382.
2562
What is the remainder when 1748896 is divided by 504?
16
Calculate the remainder when 291323 is divided by 2944.
2811
Calculate the remainder when 8395420 is divided by 878.
862
What is the remainder when 2684944 is divided by 476?
304
Calculate the remainder when 24528606 is divided by 322.
256
Calculate the remainder when 3262413 is divided by 350.
63
What is the remainder when 6233661 is divided by 328087?
8
What is the remainder when 30112133 is divided by 303?
296
What is the remainder when 8105817 is divided by 84?
69
Calculate the remainder when 242595 is divided by 2.
1
What is the remainder when 909307 is divided by 5137?
58
Calculate the remainder when 1270403 is divided by 54.
53
Calculate the remainder when 624588 is divided by 208182.
42
Calculate the remainder when 682546 is divided by 92.
90
Calculate the remainder when 2747160 is divided by 171692.
88
What is the remainder when 401732 is divided by 86?
26
Calculate the remainder when 570310 is divided by 1114.
1056
What is the remainder when 894775 is divided by 8440?
135
What is the remainder when 5343933 is divided by 208?
205
What is the remainder when 36080 is divided by 24263?
11817
What is the remainder when 233383600 is divided by 18?
10
Calculate the remainder when 73481222 is divided by 111.
110
Calculate the remainder when 25519798 is divided by 106.
86
What is the remainder when 816765 is divided by 272211?
132
What is the remainder when 258295 is divided by 242?
81
What is the remainder when 131541 is divided by 49?
25
Calculate the remainder when 188794 is divided by 5077.
945
What is the remainder when 5188181 is divided by 949?
947
What is the remainder when 129752 is divided by 5401?
128
Calculate the remainder when 2370785 is divided by 2273.
46
Calculate the remainder when 1917975 is divided by 127.
21
What is the remainder when 26628306 is divided by 5210?
5206
Calculate the remainder when 4268696 is divided by 340.
336
Calculate the remainder when 1630038 is divided by 131.
5
Calculate the remainder when 174320 is divided by 442.
172
What is the remainder when 1489007 is divided by 1488996?
11
Calculate the remainder when 467765 is divided by 3414.
47
Calculate the remainder when 170932 is divided by 11248.
2212
Calculate the remainder when 6335949 is divided by 6485.
104
Calculate the remainder when 7822205 is divided by 1564438.
15
What is the remainder when 33860 is divided by 2589?
203
What is the remainder when 24911 is divided by 4139?
77
Calculate the remainder when 20028960 is divided by 3252.
3144
Calculate the remainder when 143898 is divided by 1583.
1428
Calculate the remainder when 53068 is divided by 17421.
805
Calculate the remainder when 58270 is divided by 1045.
795
What is the remainder when 158973 is divided by 432?
429
What is the remainder when 74927422 is divided by 62?
50
What is the remainder when 2784142 is divided by 13?
10
What is the remainder when 253924377 is divided by 5857?
5856
Calculate the remainder when 11732618 is divided by 529.
456
Calculate the remainder when 200280 is divided by 21609.
5799
Calculate the remainder when 3264045 is divided by 466280.
85
What is the remainder when 217840 is divided by 113?
89
What is the remainder when 14100371 is divided by 78?
77
Calculate the remainder when 7933137 is divided by 417516.
333
What is the remainder when 226707 is divided by 59?
29
Calculate the remainder when 431878 is divided by 431867.
11
Calculate the remainder when 8386 is divided by 633.
157
What is the remainder when 1632522 is divided by 9603?
12
What is the remainder when 255302171 is divided by 54?
53
What is the remainder when 770472 is divided by 19754?
66
Calculate the remainder when 255480 is divided by 9461.
33
Calculate the remainder when 234643 is divided by 1496.
1267
What is the remainder when 482839 is divided by 47?
8
What is the remainder when 9649021 is divided by 347?
339
Calculate the remainder when 14581 is divided by 1052.
905
What is the remainder whe